 base 3?
1220000
-47d4 (base 15) to base 2
-11101110101010
Convert -126b (base 16) to base 8.
-11153
What is -3a (base 14) in base 5?
-202
What is -4e75 (base 15) in base 4?
-10011320
Convert -10101110100110 (base 2) to base 11.
-8439
What is 1001011000110011 (base 2) in base 15?
b5d6
What is -231233 (base 4) in base 14?
-10d1
What is 11202012 (base 3) in base 10?
3461
What is 2028 (base 14) in base 5?
134044
Convert 24510 (base 6) to base 2.
111000111010
Convert 100100010101 (base 2) to base 11.
1824
What is -333202 (base 4) in base 7?
-14566
-a459 (base 11) to base 10
-13858
Convert -133 (base 14) to base 12.
-181
-3415 (base 11) to base 10
-4493
4907 (base 11) to base 7
24501
Convert -3000 (base 10) to base 11.
-2288
10010100110 (base 2) to base 13
707
What is -355 (base 11) in base 5?
-3143
-21373 (base 10) to base 12
-10451
-110000010011 (base 2) to base 8
-6023
1763 (base 8) to base 16
3f3
Convert 8104 (base 10) to base 4.
1332220
Convert 11123 (base 4) to base 9.
425
Convert -10000000011 (base 2) to base 8.
-2003
Convert -23203 (base 9) to base 2.
-11110001110010
Convert -16402 (base 8) to base 6.
-54214
Convert 331000 (base 6) to base 14.
9dd6
-103231 (base 4) to base 9
-1651
212565 (base 8) to base 10
71029
Convert 1102211 (base 3) to base 8.
2030
Convert -4643 (base 8) to base 9.
-3341
-a7 (base 15) to base 12
-111
Convert -4104 (base 7) to base 4.
-112101
-46e (base 16) to base 15
-509
What is 314410 (base 6) in base 9?
38146
-34336 (base 10) to base 16
-8620
Convert -3199 (base 16) to base 2.
-11000110011001
17365 (base 8) to base 3
101212112
-163 (base 12) to base 4
-3123
1010101010101 (base 2) to base 5
133321
What is 1120 (base 5) in base 3?
12221
Convert -302120 (base 4) to base 8.
-6230
Convert -3063 (base 7) to base 2.
-10000110010
What is 1120222 (base 3) in base 5?
14120
Convert -1043a (base 11) to base 4.
-3231000
Convert -725b (base 13) to base 16.
-3db1
Convert -6b5b (base 14) to base 15.
-581b
What is -5588 (base 10) in base 2?
-1010111010100
Convert -1b (base 13) to base 15.
-19
Convert -413323 (base 5) to base 7.
-54421
-451 (base 13) to base 10
-742
What is 61111 (base 9) in base 3?
2001010101
Convert -556 (base 16) to base 3.
-1212121
What is 13300 (base 5) in base 14?
56b
Convert 2082 (base 12) to base 7.
13235
Convert -32202 (base 5) to base 11.
-16aa
What is -1722 (base 13) in base 4?
-311100
What is 1100220111 (base 3) in base 4?
12210121
What is 60140 (base 7) in base 11?
a977
Convert 507 (base 8) to base 3.
110010
What is -16815 (base 10) in base 2?
-100000110101111
Convert 10111001100100 (base 2) to base 5.
340001
-4241 (base 5) to base 7
-1444
What is -130 (base 12) in base 2?
-10110100
What is 127335 (base 8) in base 13?
174b6
-3b60 (base 12) to base 9
-10340
Convert 10120111 (base 3) to base 7.
10411
Convert 13b3 (base 14) to base 7.
13113
What is -134447 (base 8) in base 11?
-32680
What is -3737 (base 9) in base 14?
-1032
Convert 4095 (base 10) to base 13.
1b30
-58ab (base 13) to base 14
-4794
2cb (base 15) to base 13
3a4
Convert -e7a (base 15) to base 14.
-1293
What is dc (base 15) in base 12?
153
Convert -5826 (base 10) to base 4.
-1123002
What is -762b (base 15) in base 2?
-110000110111000
Convert -656 (base 8) to base 11.
-361
What is -d1a (base 14) in base 4?
-220030
What is 11392 (base 12) in base 8?
54736
Convert -39dc (base 16) to base 13.
-6985
31 (base 10) to base 14
23
-336b (base 15) to base 3
-112221202
What is 117 (base 16) in base 6?
1143
1101011 (base 2) to base 3
10222
What is -572c (base 14) in base 12?
-8910
What is 37564 (base 8) in base 11?
11228
Convert 126d (base 14) to base 5.
100413
Convert 12211120 (base 3) to base 2.
1000010011110
What is -12336 (base 7) in base 11?
-24a5
-632 (base 9) to base 3
-201002
2521 (base 10) to base 4
213121
What is -11000011001111 (base 2) in base 16?
-30cf
What is 433020 (base 5) in base 6?
152200
Convert -973 (base 12) to base 15.
-623
-128e (base 16) to base 10
-4750
-134 (base 15) to base 4
-10102
11234 (base 6) to base 7
4453
25 (base 13) to base 3
1011
Convert -32333 (base 4) to base 7.
-2540
22120 (base 3) to base 15
106
Convert -1352 (base 6) to base 14.
-1b6
-15544 (base 7) to base 8
-10451
769 (base 11) to base 4
32122
Convert 24211 (base 5) to base 8.
3416
-251125 (base 6) to base 9
-33528
-f7 (base 16) to base 12
-187
What is 434342 (base 5) in base 6?
153152
3221 (base 6) to base 4
23131
Convert 1000110000010 (base 2) to base 6.
32430
What is -1277 (base 9) in base 6?
-4241
What is 333432 (base 5) in base 6?
130210
What is -577 (base 9) in base 10?
-475
Convert -6d (base 15) to base 13.
-7c
What is 4304 (base 7) in base 9?
2072
Convert 11de (base 15) to base 12.
2255
What is -1202021211 (base 3) in base 15?
-a334
What is -200122211 (base 3) in base 11?
-a247
What is -13380 (base 9) in base 16?
-2367
What is -33223 (base 4) in base 15?
-46d
275 (base 14) to base 7
1305
Convert 45541 (base 8) to base 3.
222110201
822 (base 11) to base 7
2615
Convert -10110010 (base 2) to base 15.
-bd
Convert -208 (base 10) to base 13.
-130
Convert 369 (base 12) to base 16.
201
Convert 222101 (base 3) to base 12.
4b4
Convert -3c0 (base 16) to base 10.
-960
-a86 (base 16) to base 5
-41234
What is -53365 (base 7) in base 11?
-9a36
What is 73 (base 15) in base 2?
1101100
Convert 11133 (base 4) to base 9.
430
What is 2036 (base 13) in base 8?
10527
Convert -2222 (base 6) to base 4.
-20012
Convert -11821 (base 9) to base 5.
-223312
Convert 2010220 (base 4) to base 3.
102122101
What is -221 (base 6) in base 13?
-67
Convert -6a (base 12) to base 2.
-1010010
What is 10c6 (base 15) in base 4?
313221
-956 (base 15) to base 6
-13430
22310 (base 4) to base 3
221122
What is -23303 (base 4) in base 3?
-1000222
What is -2011 (base 4) in base 16?
-85
-6c6 (base 15) to base 14
-7ba
What is -2aa61 (base 12) in base 14?
-17d69
What is -3540 (base 6) in base 3?
-1011120
What is 10110110111101 (base 2) in base 12?
6939
Convert -3112102 (base 4) to base 14.
-4dd8
-2414 (base 12) to base 9
-5487
-243 (base 14) to base 4
-13003
-1163 (base 8) to base 11
-520
Convert -21111 (base 4) to base 10.
-597
Convert -110020020 (base 3) to base 2.
-10001011010100
What is 1756 (base 8) in base 10?
1006
1031122 (base 4) to base 3
20210111
What is 2125 (base 10) in base 8?
4115
Convert -10000110001101 (base 2) to base 5.
-233324
What is -17965 (base 11) in base 13?
-b582
What is -16a7 (base 13) in base 9?
-4530
Convert 15 (base 15) to base 16.
14
What is 1033131 (base 5) in base 10?
17916
-10244 (base 7) to base 6
-15415
What is 33524 (base 9) in base 15?
6917
What is -32c (base 13) in base 2?
-1000100001
Convert a64a (base 13) to base 5.
1214141
-114123 (base 5) to base 4
-1003000
3022134 (base 5) to base 14
13907
What is -3222 (base 5) in base 9?
-535
What is 100000110 (base 2) in base 10?
262
Convert 8458 (base 13) to base 15.
566a
220013 (base 4) to base 10
2567
What is 46420 (base 10) in base 13?
1818a
Convert 2a291 (base 11) to base 12.
20a1a
Convert -1000001001111 (base 2) to base 6.
-31155
639 (base 10) to base 4
21333
f51 (base 16) to base 8
7521
Convert -111111101000 (base 2) to base 5.
-112242
-988 (base 10) to base 13
-5b0
What is -452023 (base 6) in base 11?
-26634
What is -16 (base 15) in base 3?
-210
What is -1150 (base 16) in base 13?
-202c
101101 (base 3) to base 9
341
Convert 2112310 (base 4) to base 8.
22664
175 (base 14) to base 5
2144
What is 664 (base 11) in base 3?
1002111
-111044 (base 6) to base 12
-5484
Convert -1001011001001 (base 2) to base 12.
-2949
What is -32055 (base 9) in base 14?
-7a19
What is -1214100 (base 5) in base 12?
-113a9
1102111 (base 3) to base 10
1039
What is -165504 (base 8) in base 4?
-32231010
256 (base 15) to base 7
1356
What is 1001000010101001 (base 2) in base 6?
443241
Convert 1101110101110 (base 2) to base 10.
7086
2777 (base 9) to base 7
6052
What is -5070 (base 12) in base 15?
-28b9
Convert -2013 (base 10) to base 3.
-2202120
Convert 213 (base 6) to base 5.
311
-22135 (base 6) to base 7
-11663
Convert -144b (base 16) to base 7.
-21101
950 (base 11) to base 16
478
30164 (base 8) to base 6
133232
Convert -3508 (base 11) to base 12.
-27ba
1b36 (base 12) to base 4
310122
-1214134 (base 5) to base 12
-11404
Convert 133a4 (base 12) to base 16